{"id":1488,"date":"2019-07-17T21:02:10","date_gmt":"2019-07-17T19:02:10","guid":{"rendered":"http:\/\/54.37.155.237\/?page_id=2"},"modified":"2019-07-17T21:02:10","modified_gmt":"2019-07-17T19:02:10","slug":"page-d-exemple-2","status":"publish","type":"page","link":"https:\/\/www.optichic.fr\/index.php\/page-d-exemple-2\/","title":{"rendered":"Services"},"content":{"rendered":"<p>[vc_row][vc_column][vc_video link=&#8221;https:\/\/www.youtube.com\/watch?v=fEhsAJKIMhI&#8221;][\/vc_column][\/vc_row][vc_row][vc_column][vc_column_text]<strong>Opticien \u00e0 domicile<\/strong><\/p>\n<p>Ce service \u00e0 domicile est propos\u00e9 aux personnes \u00e2g\u00e9es ou \u00e0 mobilit\u00e9 r\u00e9duite.<\/p>\n<p>OPTICHIC mis \u00e0 votre disposition un opticien dipl\u00f4m\u00e9 qui contr\u00f4le votre vu, vous aide \u00e0 choisir votre monture et vous conseille sur les verres qui r\u00e9pondent au mieux \u00e0 vos besoins visuels.<\/p>\n<p>OPTICHIC est un opticien ind\u00e9pendant de proximit\u00e9 qui n\u2019h\u00e9site pas \u00e0 visiter les maisons de retraites qui sollicitent son savoir-faire.<\/p>\n<p><strong>Contr\u00f4le de la vue<\/strong><\/p>\n<p>Au sein de l\u2019\u00e9tablissement OPTICHIC, \u00a0nous proposons un contr\u00f4le visuel sur rendez-vous au 0442059620<\/p>\n<p>Avant de valider un dossier, l\u2019opticien (ne) peut vous faire essayer la correction prescrites sur des lunettes d\u2019essai afin d\u2019\u00e9viter les erreurs li\u00e9es \u00e0 l\u2019accommodation du patient\u00a0 chez l\u2019ophtalmologiste.<\/p>\n<p><strong>Ex\u00e9cution de votre ordonnance avec adaptation\u00a0<\/strong><\/p>\n<p>La dur\u00e9e de validit\u00e9 d&#8217;une ordonnance (\u00e9tablie \u00e0 compter du 17 octobre 2016) est fix\u00e9e \u00e0 : 1 an pour les patients \u00e2g\u00e9s de moins de 16 ans, 5 ans pour les patients \u00e2g\u00e9s de 16 ans \u00e0 42 ans, 3 ans pour les patients \u00e2g\u00e9s de plus de 42 ans.<\/p>\n<p>Votre opticien (ne) est\u00a0habilit\u00e9 (e) \u00e0 vous proposer un Examen de Vue pour mesurer votre acuit\u00e9 visuelle. En cas de changement de correction, la modification de votre ordonnance datant de moins de 3 ans est possible pour les personnes \u00e2g\u00e9es de plus de 42 ans. Pour les personnes \u00e2g\u00e9es de 16 \u00e0 42 ans l\u2019adaptation est possible pendant 5 ans \u00e0 partir de la date de l\u2019ordonnance.<\/p>\n<p>Cette adaptation ouvre le droit au remboursement des r\u00e9gimes obligatoires (CPAM, MSA, MGEN \u2026) mais aussi des r\u00e9gimes compl\u00e9mentaires (les mutuelles).<\/p>\n<p>Seul l\u2019ophtalmologiste, peut d\u00e9tecter les probl\u00e8mes pathologiques et vous prescrire un traitement.<\/p>\n<p><strong>Adaptation de vos anciens verres sur de nouvelles montures <\/strong><\/p>\n<p>Dans le cas o\u00f9 vous souhaitez changer seulement la monture et garder les verres qui sont encore parfaitement adapt\u00e9s \u00e0 votre vue,\u00a0OPTICHIC vous offre la possibilit\u00e9 de r\u00e9cup\u00e9rer ces verres dans une nouvelle monture \u00e0 condition de trouver une permettant la retaille des verres sans p\u00e9naliser le confort visuel.<\/p>\n<p><strong>Accompagnement dans le choix de la monture et vos verres correcteurs<\/strong><\/p>\n<p>Chez OPTICHIC, vous \u00eates accompagn\u00e9s et conseill\u00e9s par un opticien selon la morphologie de votre visage pour la monture et vos besoins visuels pour les verres correcteurs.<\/p>\n<p>OPTICHIC mets dans le c\u0153ur de ces priorit\u00e9s la qualit\u00e9 des verres correcteurs. Dans les rares cas d\u2019inadaptation, vous n\u2019\u00eates jamais abandonn\u00e9s. Plusieurs solutions sont propos\u00e9es pour arriver \u00e0 une bonne satisfaction client.<\/p>\n<p><strong>Facilite de paiement<\/strong><\/p>\n<p>Le paiement 3 fois sans frais sur 90 jours[\/vc_column_text][\/vc_column][\/vc_row]<\/p>\n","protected":false},"excerpt":{"rendered":"<p>[vc_row][vc_column][vc_video link=&#8221;https:\/\/www.youtube.com\/watch?v=fEhsAJKIMhI&#8221;][\/vc_column][\/vc_row][vc_row][vc_column][vc_column_text]Opticien \u00e0 domicile Ce service \u00e0 domicile est propos\u00e9 aux personnes \u00e2g\u00e9es ou \u00e0 mobilit\u00e9 r\u00e9duite. OPTICHIC mis \u00e0 votre disposition un opticien dipl\u00f4m\u00e9 qui contr\u00f4le votre vu, vous aide \u00e0 choisir votre monture et vous conseille sur les verres qui r\u00e9pondent au mieux \u00e0 vos besoins visuels. OPTICHIC est un opticien ind\u00e9pendant de&#8230;<\/p>\n","protected":false},"author":1,"featured_media":0,"parent":0,"menu_order":0,"comment_status":"closed","ping_status":"open","template":"","meta":[],"_links":{"self":[{"href":"https:\/\/www.optichic.fr\/index.php\/wp-json\/wp\/v2\/pages\/1488"}],"collection":[{"href":"https:\/\/www.optichic.fr\/index.php\/wp-json\/wp\/v2\/pages"}],"about":[{"href":"https:\/\/www.optichic.fr\/index.php\/wp-json\/wp\/v2\/types\/page"}],"author":[{"embeddable":true,"href":"https:\/\/www.optichic.fr\/index.php\/wp-json\/wp\/v2\/users\/1"}],"replies":[{"embeddable":true,"href":"https:\/\/www.optichic.fr\/index.php\/wp-json\/wp\/v2\/comments?post=1488"}],"version-history":[{"count":0,"href":"https:\/\/www.optichic.fr\/index.php\/wp-json\/wp\/v2\/pages\/1488\/revisions"}],"wp:attachment":[{"href":"https:\/\/www.optichic.fr\/index.php\/wp-json\/wp\/v2\/media?parent=1488"}],"curies":[{"name":"wp","href":"https:\/\/api.w.org\/{rel}","templated":true}]}}